 0 = -q - 9 + 14. Calculate the remainder when 0 + q + (-28)/(-7) is divided by 5.
4
Let x(t) be the third derivative of 0 + 0*t - 1/3*t**3 - t**2 - 1/8*t**4. Calculate the remainder when x(-7) is divided by 10.
9
Suppose -5*s - 8 + 3 = 0. What is the remainder when 15 is divided by (3 - (-12)/s)/(-1)?
6
Suppose 6*t + 0*t = 534. Calculate the remainder when t is divided by 23.
20
Let p be (-54)/(-24) - 1/4. Suppose 3*w - 29 - p = 5*a, -5*a = 10. What is the remainder when 13 is divided by w?
6
Suppose j + 2*p + 2 - 47 = 0, 90 = 2*j - p. What is the remainder when j is divided by 24?
21
Let q = 14 + -10. Let g(o) = -o**2 + 7*o - 6. Let r be g(q). What is the remainder when (27/r)/((-1)/(-2)) is divided by 5?
4
Let b be ((-1)/2*0)/(-1). Suppose -5*q + q + 76 = b. What is the remainder when 73 is divided by q?
16
Suppose -r + 2*q + 36 = 4*r, 3*q = -9. Suppose o + 2*s - r = 6*s, -3*o = -4*s - 50. What is the remainder when 41 is divided by o?
19
Suppose 3*y - 191 = -95. Calculate the remainder when 62 is divided by y.
30
Let o be (-43)/(-4) + 1/4. Suppose -2*i + 1 + 0 = -h, 3*i + o = 4*h. What is the remainder when 8 is divided by (-1*5)/(i - 4)?
3
Let s(q) = q**3 - 3*q**2 + q - 1. What is the remainder when -3 + 14/2*1 is divided by s(3)?
0
Let k(s) = -s**3 + 6*s**2 + 8*s + 7. Suppose 15 = -3*j, -3*m - j + 10 = -0*j. What is the remainder when k(7) is divided by m?
4
Suppose 4*x - 22 = -2*m + 6*x, -2*x - 44 = -4*m. What is the remainder when 19 is divided by m?
8
What is the remainder when 120 is divided by (-4)/(-4)*-1*-41?
38
Suppose 2*p - 16 - 8 = 0. Suppose 4*n = -0*h - 4*h + 64, -5*h - 4*n + 80 = 0. Let c = h + 7. Calculate the remainder when c is divided by p.
11
Let m = -12 + 15. Suppose -n + 108 = m*n. What is the remainder when 80 is divided by n?
26
Suppose -4*x + 31 = -2*i + i, 3*i + 16 = x. What is the remainder when 13 is divided by x?
6
Let g = 94 + -55. What is the remainder when 152 is divided by g?
35
Let u(q) = 7*q**2 - 2*q + 1. Calculate the remainder when (51/(-6))/(5/(-10)) is divided by u(1).
5
Let g(a) = a**3 - 9*a**2 + 8*a + 6. Let d be g(8). Let i = 15 - d. Calculate the remainder when 26 is divided by i.
8
Suppose 5 = 2*w - 23. What is the remainder when 50 is divided by w?
8
Let n(o) = -o. Let h be n(16). Let d = h - -80. What is the remainder when d is divided by 17?
13
Let d(q) = -q**2 + 5*q + 5. Suppose 2*n - 23 = -17. Calculate the remainder when d(5) is divided by n.
2
Let d(q) = 13*q**2 - 3*q - 2. What is the remainder when 54 is divided by d(-1)?
12
Let g = -9 - -18. Let v(a) = -a**2 + 7*a + 11. Let b be v(8). Suppose 0 = b*w + 2*d - 25 - 54, -104 = -4*w - 2*d. What is the remainder when w is divided by g?
7
Let h = 23 + -9. Calculate the remainder when h is divided by 26/4 - (-3)/(-2).
4
Suppose -4*j + 0*j = -52. Let g(p) = p - 1. Let m(y) = -4*y + 12. Let k(l) = 5*g(l) + m(l). Calculate the remainder when j is divided by k(-3).
1
Suppose -7*f + 4*f = t + 3, 0 = -4*f - 16. Let n = t - 0. Calculate the remainder when 26 is divided by n.
8
Suppose -4*f + 3*f + 8 = 0. Calculate the remainder when 36 is divided by f.
4
Suppose -2*c - 45 = -7*c. Suppose -4*k + k - c = 0. Let s = 28 + k. What is the remainder when 73 is divided by s?
23
Let p be 15/(-4)*8/(-2). Calculate the remainder when 26 is divided by (3*-1)/((-5)/p).
8
Suppose 3*l + 2*d + 0*d = -15, 0 = 3*l - d + 6. Let r = l - -5. What is the remainder when 5 is divided by r?
1
Calculate the remainder when 1 + 1 - (-24 + -35) is divided by 16.
13
Let n(o) = -o**3 + 0*o + 7 + 10*o**2 - 4*o**2 - 4*o. Let c = 26 - 21. Calculate the remainder when 34 is divided by n(c).
10
Suppose 0*i + 4*i = 28. What is the remainder when i*(-1)/(-7)*12 is divided by 5?
2
Suppose -4*o + 5*o = -1. What is the remainder when 25 is divided by (2 - 1)/(o/(-13))?
12
Suppose 9 + 131 = 5*z - 5*s, 0 = 3*z + s - 92. Calculate the remainder when z is divided by 8.
6
Let d(t) = -t**2 + 6*t. What is the remainder when d(4) is divided by 2?
0
Let p = -3 + 3. Suppose p = -b - 3*w + 49, b + 4*b - 2*w = 160. Suppose -b + 133 = 3*f. Calculate the remainder when f is divided by 12.
9
Suppose 3*o - 1 = 446. Calculate the remainder when o is divided by 26.
19
Let p = 9 + -5. Let m = 4 + 12. Suppose -m + 196 = p*n. Calculate the remainder when n is divided by 12.
9
Suppose 2*z - 9 = 31. What is the remainder when 78 is divided by z?
18
Suppose -74 = -5*r - 2*h, 2*r - h - 3*h = 20. Calculate the remainder when 25 is divided by r.
11
Suppose -4*f + s - 11 + 50 = 0, 2*s + 42 = 4*f. What is the remainder when 43 is divided by f?
7
Let s = 7 + -5. Suppose -s*u - 14 = -l + 1, 5*l = 5*u + 80. What is the remainder when l is divided by 9?
8
Let d = 6 + -3. Let n = d - -5. What is the remainder when 1/(2/(-28)*-1) is divided by n?
6
Suppose 0 = -h, -h - h = k - 2. Suppose -14 = -3*v + 2*j, k*v - j = -7 + 18. Let d = v + -7. Calculate the remainder when 2 is divided by d.
0
Let v be (-2)/(-16) + (-180)/(-96). Suppose 5 + 6 = j. What is the remainder when j is divided by v/(-9) - 203/(-63)?
2
Let n = 21 - 18. Suppose 4*u + v + 2*v - 15 = 0, 5*v + 15 = 0. What is the remainder when u is divided by n?
0
Let j = 350 + -337. Suppose 5*z - 271 = -4*h, -5*z + 4*h = h - 243. Calculate the remainder when z is divided by j.
12
Let w = 2 - -1. Suppose -5 = r - 2*r. Suppose z + 0*z = r, z = 3*x - 16. Calculate the remainder when x is divided by w.
1
Let r(z) = -6*z**3 + 2*z + 2. Calculate the remainder when 9 is divided by r(-1).
3
Let t be (-1580)/18 - 4/18. Suppose -x + 5*b - 159 = 2*x, 4*b = 0. Let k = x - t. What is the remainder when k is divided by 9?
8
Let x = 7 - 7. Suppose 3*o - 7 - 2 = x. Suppose -w = -3*k + 36, -2*k - w + 10 = o*w. Calculate the remainder when 31 is divided by k.
9
Let o(f) = f**2 - 19*f - 11. Calculate the remainder when 53 is divided by o(20).
8
Calculate the remainder when (71 - 2)/1 + 0/14 is divided by 24.
21
Suppose 3*w - k = 121, 3*k + 2*k = 5*w - 195. Calculate the remainder when w is divided by 14.
13
Calculate the remainder when 127 is divided by -52*(-1)/(-6)*-3.
23
Let j(z) = 5*z**2 - 3*z - 10. Let b(u) = -u**2 - u + 1. Let o(d) = 6*b(d) + j(d). Let v(x) = -3*x - 4. Calculate the remainder when o(-6) is divided by v(-3).
4
What is the remainder when 6 + 31 - -1*4 is divided by 15?
11
Let w = -11 + 17. Suppose -w = 2*g - g. Calculate the remainder when (-700)/(-15) - (-4)/g is divided by 16.
14
Let w = -24 - -46. Calculate the remainder when w is divided by 12.
10
Let d(t) = t**3 + 5*t**2 - 17*t - 4. What is the remainder when 67 is divided by d(-7)?
16
Let o(b) = b**2 - b - 5. Let q = -7 - -35. Calculate the remainder when q is divided by o(5).
13
Let h = -121 + 141. Calculate the remainder when 56 is divided by h.
16
Suppose 5*c - 397 = g, -10*c + 406 = -5*c + 2*g. Calculate the remainder when c is divided by 27.
26
Let w be 2/(-3) + 34/6. Suppose 5*b + 3*v = -v + 56, -w*v = 3*b - 44. Calculate the remainder when -1*(-22 + -3 + 2) is divided by b.
7
Let m be -4*1 + 2 - -2. Suppose 5*z + m*z = 110. Calculate the remainder when 65 is divided by z.
21
Let o(l) = -16*l + 10. Let g be o(3). Calculate the remainder when 55 is divided by (g/6)/((-6)/18).
17
Suppose 2*r - 11 + 1 = 0. Suppose r*p - 24 = 26. Let n = 14 - p. Calculate the remainder when n is divided by 3.
1
Suppose -w - 2*w = -51. Suppose 14*a - 4*a - 660 = 0. What is the remainder when a is divided by w?
15
Let d(o) = -2*o - 4. Let a be (-2)/(-8) - 26/8. Let j(u) = u**2 - 12. What is the remainder when j(-4) is divided by d(a)?
0
Suppose -4*t = -3*w - t + 36, 0 = 2*w + 3*t - 29. What is the remainder when w is divided by 7?
6
Suppose 0 = -5*p - 5, 4*t - 2*p - 62 = 0. What is the remainder when t is divided by 8?
7
Let t = -412 - -620. Let i be 6/18 + t/6. Let y = i + -21. What is the remainder when y is divided by 5?
4
Suppose 5*m = 12*m - 154. Calculate the remainder when m is divided by 6.
4
Let q = 48 - 34. Suppose 4*d + 3*i - 6*i = -17, 2*i = -2. What is the remainder when (54/d)/((-10)/25) is divided by q?
13
Suppose -z + 2*z = -5. Let v(s) = -s**2 - 7*s - 4. Let o be v(z). Suppose 25 = -m + o*m. Calculate the remainder when m is divided by 2.
1
Suppose -m - 4*m = -150. Let c = -63 - -74. What is the remainder when 